54552632 is divided by 623196?
24
What is the remainder when 4040351 is divided by 141?
137
Calculate the remainder when 4826692 is divided by 126.
10
Calculate the remainder when 21374 is divided by 1608.
470
What is the remainder when 3130010 is divided by 78?
26
Calculate the remainder when 36324 is divided by 16663.
2998
Calculate the remainder when 1032748 is divided by 772.
584
Calculate the remainder when 339004 is divided by 169031.
942
Calculate the remainder when 41661 is divided by 20690.
281
What is the remainder when 5473669 is divided by 2690?
2209
What is the remainder when 795984 is divided by 152?
112
Calculate the remainder when 36235910 is divided by 240.
230
What is the remainder when 25449 is divided by 3602?
235
Calculate the remainder when 227491690 is divided by 1002166.
8
Calculate the remainder when 7260134 is divided by 27191.
137
What is the remainder when 96372985 is divided by 3105?
3100
What is the remainder when 19121254 is divided by 792?
790
Calculate the remainder when 30161 is divided by 1967.
656
Calculate the remainder when 20415941 is divided by 87.
86
Calculate the remainder when 1103085 is divided by 367588.
321
What is the remainder when 570818 is divided by 114149?
73
What is the remainder when 4261895 is divided by 184?
87
What is the remainder when 5466126 is divided by 4052?
4030
Calculate the remainder when 519377497 is divided by 500.
497
Calculate the remainder when 1235803 is divided by 286.
283
Calculate the remainder when 33226 is divided by 907.
574
Calculate the remainder when 25940142 is divided by 607.
604
Calculate the remainder when 2278412 is divided by 759470.
2
Calculate the remainder when 349403251 is divided by 1038.
1033
What is the remainder when 1160079 is divided by 1497?
1401
Calculate the remainder when 32219 is divided by 15518.
1183
What is the remainder when 25659 is divided by 25638?
21
What is the remainder when 12410356 is divided by 10580?
16
What is the remainder when 34497155 is divided by 101?
100
What is the remainder when 6808077 is divided by 34?
19
Calculate the remainder when 282569 is divided by 281406.
1163
Calculate the remainder when 2959354 is divided by 591844.
134
What is the remainder when 692592 is divided by 1661?
1616
Calculate the remainder when 6892427 is divided by 4.
3
What is the remainder when 111230 is divided by 6928?
382
Calculate the remainder when 11107967 is divided by 10.
7
What is the remainder when 2385722 is divided by 265078?
20
Calculate the remainder when 222200 is divided by 4823.
342
What is the remainder when 72344 is divided by 120?
104
What is the remainder when 52752489 is divided by 234?
231
Calculate the remainder when 62197994 is divided by 13831.
13818
Calculate the remainder when 211360273 is divided by 37.
30
Calculate the remainder when 25819667 is divided by 9758.
9757
Calculate the remainder when 657169 is divided by 3190.
29
What is the remainder when 5116782 is divided by 2345?
2337
What is the remainder when 104799 is divided by 2186?
2057
Calculate the remainder when 36657633 is divided by 1003.
992
Calculate the remainder when 780580 is divided by 629.
620
What is the remainder when 1537056 is divided by 512346?
18
Calculate the remainder when 5260461 is divided by 743.
21
Calculate the remainder when 320790 is divided by 732.
174
Calculate the remainder when 440821 is divided by 88131.
166
Calculate the remainder when 314567 is divided by 62.
41
Calculate the remainder when 693338 is divided by 37.
32
Calculate the remainder when 354792 is divided by 8.
0
What is the remainder when 972281 is divided by 45?
11
What is the remainder when 450260 is divided by 982?
504
What is the remainder when 50730 is divided by 48621?
2109
Calculate the remainder when 28627448 is divided by 253.
245
Calculate the remainder when 773718 is divided by 386829.
60
What is the remainder when 497513 is divided by 6656?
4969
Calculate the remainder when 2292083 is divided by 301.
269
What is the remainder when 8990769 is divided by 31882?
45
What is the remainder when 3347689 is divided by 6317?
5996
What is the remainder when 95801689 is divided by 94?
85
What is the remainder when 3696006 is divided by 461957?
350
Calculate the remainder when 102352 is divided by 1704.
112
Calculate the remainder when 649836 is divided by 162459.
0
Calculate the remainder when 6302919 is divided by 2100972.
3
What is the remainder when 4165898 is divided by 4165895?
3
What is the remainder when 446432 is divided by 2899?
2885
What is the remainder when 37626943 is divided by 1791758?
25
What is the remainder when 10194 is divided by 1031?
915
Calculate the remainder when 97838 is divided by 15736.
3422
What is the remainder when 4963874 is divided by 2312?
10
What is the remainder when 1396055 is divided by 841?
836
What is the remainder when 1096441 is divided by 2848?
2809
Calculate the remainder when 1161227 is divided by 4018.
25
What is the remainder when 26565 is divided by 6628?
53
Calculate the remainder when 510561 is divided by 1267.
1227
What is the remainder when 1576380 is divided by 273?
78
Calculate the remainder when 1126415 is divided by 1023.
92
Calculate the remainder when 39178532 is divided by 84802.
8
What is the remainder when 2976280 is divided by 102630?
10
What is the remainder when 1636910 is divided by 263?
261
Calculate the remainder when 1839472 is divided by 470.
362
Calculate the remainder when 13664385 is divided by 594103.
16
What is the remainder when 234773 is divided by 114040?
6693
What is the remainder when 48182 is divided by 1926?
32
Calculate the remainder when 53992 is divided by 920.
632
Calculate the remainder when 51874 is divided by 778.
526
Calculate the remainder when 270801 is divided by 270652.
149
What is the remainder when 30982761 is divided by 4296?
9
What is the remainder when 2322623391 is divided by 819?
816
What is the remainder when 8906 is divided by 8539?
367
What is the remainder when 3696690 is divided by 5163?
5145
What is the remainder when 2531665 is divided by 50633?
15
Calculate the remainder when 1149588 is divided by 308.
132
Calculate the remainder when 106237 is divided by 263.
248
Calculate the remainder when 4396329 is divided by 9495.
144
Calculate the remainder when 4514525 is divided by 715.
15
What is the remainder when 7787 is divided by 1088?
171
What is the remainder when 77180 is divided by 50?
30
Calculate the remainder when 170991 is divided by 8680.
6071
Calculate the remainder when 1609746 is divided by 391.
390
What is the remainder when 4025134 is divided by 3613?
252
What is the remainder when 1030940 is divided by 454?
360
Calculate the remainder when 798997 is divided by 260.
17
What is the remainder when 2308158 is divided by 6671?
6663
What is the remainder when 1303165 is divided by 651542?
81
Calculate the remainder when 26216 is divided by 1212.
764
Calculate the remainder when 4803966 is divided by 294.
6
What is the remainder when 492141 is divided by 4470?
441
Calculate the remainder when 97620 is divided by 48174.
1272
Calculate the remainder when 293690 is divided by 1869.
257
Calculate the remainder when 625662 is divided by 2870.
2
Calculate the remainder when 4212827 is divided by 1053202.
19
What is the remainder when 17675 is divided by 17453?
222
What is the remainder when 60178 is divided by 297?
184
Calculate the remainder when 153997 is divided by 153929.
68
Calculate the remainder when 285015 is divided by 15823.
201
What is the remainder when 5339865 is divided by 1058?
139
Calculate the remainder when 190769399 is divided by 328.
7
Calculate the remainder when 409083 is divided by 407212.
1871
Calculate the remainder when 44472 is divided by 2354.
2100
Calculate the remainder when 133268 is divided by 354.
164
What is the remainder when 423055 is divided by 2771?
1863
What is the remainder when 49227033 is divided by 3074?
3071
What is the remainder when 1276675 is divided by 311?
20
Calculate the remainder when 13408947 is divided by 4469644.
15
What is the remainder when 12285205 is divided by 57?
52
What is the remainder when 61310681 is divided by 9?
8
What is the remainder when 2000424057 is divided by 30?
27
Calculate the remai